{"id":2,"date":"2026-02-08T19:35:01","date_gmt":"2026-02-08T23:35:01","guid":{"rendered":"https:\/\/rolfy.yababot.do\/?page_id=2"},"modified":"2026-02-08T23:16:02","modified_gmt":"2026-02-09T03:16:02","slug":"pagina-ejemplo","status":"publish","type":"page","link":"https:\/\/rolfy.yababot.do\/?page_id=2","title":{"rendered":"INICIO"},"content":{"rendered":"\n<p>\u00a1Recuerda nuestros horarios en *Repuestos Rolfy! <br><\/p>\n\n\n\n<figure class=\"wp-block-image size-full\"><img loading=\"lazy\" decoding=\"async\" width=\"695\" height=\"836\" src=\"https:\/\/rolfy.yababot.do\/wp-content\/uploads\/2026\/02\/image.png\" alt=\"\" class=\"wp-image-45\" srcset=\"https:\/\/rolfy.yababot.do\/wp-content\/uploads\/2026\/02\/image.png 695w, https:\/\/rolfy.yababot.do\/wp-content\/uploads\/2026\/02\/image-249x300.png 249w\" sizes=\"auto, (max-width: 695px) 100vw, 695px\" \/><\/figure>\n\n\n\n<p>Te brindamos un servicio personalizado para que tu experiencia sea siempre la mejor. \u00a1Vis\u00edtanos en el horario que m\u00e1s te convenga y d\u00e9janos cuidar de tu veh\u00edculo!<br><\/p>\n","protected":false},"excerpt":{"rendered":"<p>\u00a1Recuerda nuestros horarios en *Repuestos Rolfy! Te brindamos un servicio personalizado para que tu experiencia sea siempre la mejor. \u00a1Vis\u00edtanos en el horario que m\u00e1s te convenga y d\u00e9janos cuidar de tu veh\u00edculo!<\/p>\n","protected":false},"author":1,"featured_media":0,"parent":0,"menu_order":0,"comment_status":"closed","ping_status":"open","template":"","meta":{"footnotes":""},"class_list":["post-2","page","type-page","status-publish","hentry"],"_links":{"self":[{"href":"https:\/\/rolfy.yababot.do\/index.php?rest_route=\/wp\/v2\/pages\/2","targetHints":{"allow":["GET"]}}],"collection":[{"href":"https:\/\/rolfy.yababot.do\/index.php?rest_route=\/wp\/v2\/pages"}],"about":[{"href":"https:\/\/rolfy.yababot.do\/index.php?rest_route=\/wp\/v2\/types\/page"}],"author":[{"embeddable":true,"href":"https:\/\/rolfy.yababot.do\/index.php?rest_route=\/wp\/v2\/users\/1"}],"replies":[{"embeddable":true,"href":"https:\/\/rolfy.yababot.do\/index.php?rest_route=%2Fwp%2Fv2%2Fcomments&post=2"}],"version-history":[{"count":2,"href":"https:\/\/rolfy.yababot.do\/index.php?rest_route=\/wp\/v2\/pages\/2\/revisions"}],"predecessor-version":[{"id":48,"href":"https:\/\/rolfy.yababot.do\/index.php?rest_route=\/wp\/v2\/pages\/2\/revisions\/48"}],"wp:attachment":[{"href":"https:\/\/rolfy.yababot.do\/index.php?rest_route=%2Fwp%2Fv2%2Fmedia&parent=2"}],"curies":[{"name":"wp","href":"https:\/\/api.w.org\/{rel}","templated":true}]}}